{"id":128,"date":"2021-02-26T17:00:22","date_gmt":"2021-02-26T17:00:22","guid":{"rendered":"https:\/\/raficfarah.com.br\/?page_id=128"},"modified":"2021-03-16T13:04:48","modified_gmt":"2021-03-16T13:04:48","slug":"sobre","status":"publish","type":"page","link":"https:\/\/raficfarah.com.br\/index.php\/sobre\/","title":{"rendered":"sobre"},"content":{"rendered":"<p>[et_pb_section fb_built=&#8221;1&#8243; _builder_version=&#8221;4.9.2&#8243; _module_preset=&#8221;default&#8221; custom_padding=&#8221;140px||||false|false&#8221;][et_pb_row column_structure=&#8221;2_5,3_5&#8243; disabled_on=&#8221;on|on|off&#8221; _builder_version=&#8221;4.9.2&#8243; _module_preset=&#8221;default&#8221; width=&#8221;95%&#8221; custom_css_main_element_last_edited=&#8221;on|phone&#8221;][et_pb_column type=&#8221;2_5&#8243; _builder_version=&#8221;4.9.0&#8243; _module_preset=&#8221;default&#8221;][et_pb_text _builder_version=&#8221;4.9.2&#8243; _module_preset=&#8221;default&#8221; text_font=&#8221;Futura Regular|100|||||||&#8221; custom_padding=&#8221;|35px|||false|false&#8221; custom_padding_tablet=&#8221;&#8221; custom_padding_phone=&#8221;|11px|||false|false&#8221; custom_padding_last_edited=&#8221;on|desktop&#8221;]<\/p>\n<p>Rafic Jorge Farah nasceu na cidade de S\u00e3o Paulo em 1948. Aos vinte anos ingressa no curso de arquitetura da FAUUSP. Ainda na escola, escreve o romance As Aventuras do Capit\u00e3o Bandeira, o qual mais tarde (1983) desenvolve em forma de HQ com Paulo Caruso.<\/p>\n<p>Em 1979 abre o est\u00fadio S\u00e3o Paulo Cria\u00e7\u00e3o, que conduz at\u00e9 hoje, realizando projetos de comunica\u00e7\u00e3o utilizando diversos meios: arte e design gr\u00e1fico, design editorial, filmes, roteiros, fotografia e textos. Desenvolve tamb\u00e9m design de mobili\u00e1rio, design de objetos e arquitetura. Sua primeira obra de arquitetura edificada \u2013 a resid\u00eancia unifamiliar da Rua Pombal, em S\u00e3o Paulo (2004) \u2013 \u00e9 destacada na premia\u00e7\u00e3o da 6\u00aa Bienal Internacional de Arquitetura de S\u00e3o Paulo (2005).<\/p>\n<p>Rafic, seus colaboradores e assistentes criaram in\u00fameras marcas que fazem parte da mem\u00f3ria visual cotidiana brasileira (restaurantes como Ar\u00e1bia, Am\u00e9rica, Spot, o Museu da L\u00edngua Portuguesa, a Revista Trip, as lojas de moda feminina Fit, Lucy in the Sky, a loja de cal\u00e7ados e moda Sidewalk, a marca de condimentos J\u00fanior, o centro de debates Casa do Saber, a lend\u00e1ria danceteria Radar Tant\u00e3, o antigo cinema HSBC Belas Artes \u2013 entre muitas.<\/p>\n<p>O est\u00fadio S\u00e3o Paulo Cria\u00e7\u00e3o \u00e9 conhecido tamb\u00e9m por seus projetos gr\u00e1ficos editoriais, dentre eles as revistas Around, Circuit, Trip, Tpm, Mitsubishi, Caros Amigos, os livros e relat\u00f3rios para marcas como a Natura Cosm\u00e9ticos, a Mitsubishi Motors do Brasil, Ipanema Investimentos, cat\u00e1logos de moda de marcas como Viva Vida e Mandi, Zoomp \u2013 entre tantas. Para o designer de m\u00f3veis Carlos Motta \u2013 ao lado de Paulo Lima \u2013 foi concebida a publica\u00e7\u00e3o Carlos Motta e a vida (2010) e Carlos Motta (2004). Para o jornal O Estado de S\u00e3o Paulo, Retrato de uma Reda\u00e7\u00e3o (2002).<\/p>\n<p>Em 2000 publica pela editora Cosac Naify o livro s\u00edntese de sua obra \u00e0 frente do est\u00fadio \u2013 Como Vi \u2013 O design de Rafic Farah \u2013 publica\u00e7\u00e3o hoje refer\u00eancia no mercado editorial de livros de arte nacionais.<\/p>\n<p>No Pr\u00eamio Design do Museu da Casa Brasileira de S\u00e3o Paulo recebeu em 2013 o primeiro pr\u00eamio na categoria mobili\u00e1rio com o banco Osso concebido com o Ot\u00e1vio Coelho com quem trabalha desde 2010 no desenvolvimento da linha Brasil 66 lan\u00e7ada no Brasil em 2013 pela loja de design brasileiro Dpot e a ser lan\u00e7ada nos Estados Unidos pela loja Espasso (Nova Iorque, Los Angeles e Londres) e na Fran\u00e7a pela Objekto (Paris). Recebeu tamb\u00e9m o primeiro pr\u00eamio na categoria equipamentos dom\u00e9sticos \u2013 projetos com a lumin\u00e1ria Finestra (3\u00aa edi\u00e7\u00e3o do pr\u00eamio, 1988).<\/p>\n<p>Nos \u00faltimos anos passa a exercer tamb\u00e9m a atividade de consultor de marcas ao criar estrat\u00e9gias para marcas existentes ou novas se colocarem no mercado.<\/p>\n<p>\u00c9 um dos fundadores e Diretor de Comunica\u00e7\u00e3o da Escola da Cidade, coordenando tamb\u00e9m a cadeira de Desenho, e cadeira de Debates sobre Cultura Brasileira.<\/p>\n<p>[\/et_pb_text][\/et_pb_column][et_pb_column type=&#8221;3_5&#8243; _builder_version=&#8221;4.9.0&#8243; _module_preset=&#8221;default&#8221;][et_pb_gallery gallery_ids=&#8221;1133,1134,1135,1136,1137,1138,1139,1140,1141,1142,1143,1144,1145,1146,1147,1148,1149,1150,1151,1152,1153,1154,1155,1156,1157,1158,1159,1161,1160,1162,1163,1164,1165,1166,1167,1168,1169,1170,1171,1172,1173,1174,1175,1176,1177,1178&#8243; fullwidth=&#8221;on&#8221; _builder_version=&#8221;4.9.2&#8243; _module_preset=&#8221;default&#8221; caption_text_align=&#8221;left&#8221; hover_enabled=&#8221;0&#8243; sticky_enabled=&#8221;0&#8243; custom_padding=&#8221;0px|||||&#8221; custom_margin=&#8221;-64px|||||&#8221;][\/et_pb_gallery][\/et_pb_column][\/et_pb_row][et_pb_row disabled_on=&#8221;off|off|on&#8221; _builder_version=&#8221;4.9.2&#8243; _module_preset=&#8221;default&#8221; width=&#8221;95%&#8221; custom_padding=&#8221;0px|||||&#8221;][et_pb_column type=&#8221;4_4&#8243; _builder_version=&#8221;4.9.2&#8243; _module_preset=&#8221;default&#8221;][et_pb_gallery gallery_ids=&#8221;1133,1134,1135,1136,1137,1138,1139,1140,1141,1142,1143,1144,1145,1146,1147,1148,1149,1150,1151,1152,1153,1154,1155,1156,1157,1158,1159,1160,1162,1161,1163,1164,1165,1166,1167,1168,1169,1170,1171,1172,1173,1174,1175,1176,1177,1178&#8243; fullwidth=&#8221;on&#8221; _builder_version=&#8221;4.9.2&#8243; _module_preset=&#8221;default&#8221; caption_text_align=&#8221;left&#8221; hover_enabled=&#8221;0&#8243; custom_padding=&#8221;0px|||||&#8221; custom_margin=&#8221;-30px||0px||false|false&#8221; sticky_enabled=&#8221;0&#8243;][\/et_pb_gallery][et_pb_text _builder_version=&#8221;4.9.2&#8243; _module_preset=&#8221;default&#8221; text_font=&#8221;Futura Regular|100|||||||&#8221; custom_padding=&#8221;|35px|||false|false&#8221; custom_padding_tablet=&#8221;&#8221; custom_padding_phone=&#8221;15px|11px|||false|false&#8221; custom_padding_last_edited=&#8221;on|desktop&#8221; hover_enabled=&#8221;0&#8243; sticky_enabled=&#8221;0&#8243;]<\/p>\n<p>Rafic Jorge Farah nasceu na cidade de S\u00e3o Paulo em 1948. Aos vinte anos ingressa no curso de arquitetura da FAUUSP. Ainda na escola, escreve o romance As Aventuras do Capit\u00e3o Bandeira, o qual mais tarde (1983) desenvolve em forma de HQ com Paulo Caruso.<\/p>\n<p>Em 1979 abre o est\u00fadio S\u00e3o Paulo Cria\u00e7\u00e3o, que conduz at\u00e9 hoje, realizando projetos de comunica\u00e7\u00e3o utilizando diversos meios: arte e design gr\u00e1fico, design editorial, filmes, roteiros, fotografia e textos. Desenvolve tamb\u00e9m design de mobili\u00e1rio, design de objetos e arquitetura. Sua primeira obra de arquitetura edificada \u2013 a resid\u00eancia unifamiliar da Rua Pombal, em S\u00e3o Paulo (2004) \u2013 \u00e9 destacada na premia\u00e7\u00e3o da 6\u00aa Bienal Internacional de Arquitetura de S\u00e3o Paulo (2005).<\/p>\n<p>Rafic, seus colaboradores e assistentes criaram in\u00fameras marcas que fazem parte da mem\u00f3ria visual cotidiana brasileira (restaurantes como Ar\u00e1bia, Am\u00e9rica, Spot, o Museu da L\u00edngua Portuguesa, a Revista Trip, as lojas de moda feminina Fit, Lucy in the Sky, a loja de cal\u00e7ados e moda Sidewalk, a marca de condimentos J\u00fanior, o centro de debates Casa do Saber, a lend\u00e1ria danceteria Radar Tant\u00e3, o antigo cinema HSBC Belas Artes \u2013 entre muitas.<\/p>\n<p>O est\u00fadio S\u00e3o Paulo Cria\u00e7\u00e3o \u00e9 conhecido tamb\u00e9m por seus projetos gr\u00e1ficos editoriais, dentre eles as revistas Around, Circuit, Trip, Tpm, Mitsubishi, Caros Amigos, os livros e relat\u00f3rios para marcas como a Natura Cosm\u00e9ticos, a Mitsubishi Motors do Brasil, Ipanema Investimentos, cat\u00e1logos de moda de marcas como Viva Vida e Mandi, Zoomp \u2013 entre tantas. Para o designer de m\u00f3veis Carlos Motta \u2013 ao lado de Paulo Lima \u2013 foi concebida a publica\u00e7\u00e3o Carlos Motta e a vida (2010) e Carlos Motta (2004). Para o jornal O Estado de S\u00e3o Paulo, Retrato de uma Reda\u00e7\u00e3o (2002).<\/p>\n<p>Em 2000 publica pela editora Cosac Naify o livro s\u00edntese de sua obra \u00e0 frente do est\u00fadio \u2013 Como Vi \u2013 O design de Rafic Farah \u2013 publica\u00e7\u00e3o hoje refer\u00eancia no mercado editorial de livros de arte nacionais.<\/p>\n<p>No Pr\u00eamio Design do Museu da Casa Brasileira de S\u00e3o Paulo recebeu em 2013 o primeiro pr\u00eamio na categoria mobili\u00e1rio com o banco Osso concebido com o Ot\u00e1vio Coelho com quem trabalha desde 2010 no desenvolvimento da linha Brasil 66 lan\u00e7ada no Brasil em 2013 pela loja de design brasileiro Dpot e a ser lan\u00e7ada nos Estados Unidos pela loja Espasso (Nova Iorque, Los Angeles e Londres) e na Fran\u00e7a pela Objekto (Paris). Recebeu tamb\u00e9m o primeiro pr\u00eamio na categoria equipamentos dom\u00e9sticos \u2013 projetos com a lumin\u00e1ria Finestra (3\u00aa edi\u00e7\u00e3o do pr\u00eamio, 1988).<\/p>\n<p>Nos \u00faltimos anos passa a exercer tamb\u00e9m a atividade de consultor de marcas ao criar estrat\u00e9gias para marcas existentes ou novas se colocarem no mercado.<\/p>\n<p>\u00c9 um dos fundadores e Diretor de Comunica\u00e7\u00e3o da Escola da Cidade, coordenando tamb\u00e9m a cadeira de Desenho, e cadeira de Debates sobre Cultura Brasileira.<\/p>\n<p>[\/et_pb_text][\/et_pb_column][\/et_pb_row][\/et_pb_section]<\/p>\n","protected":false},"excerpt":{"rendered":"<p>Rafic Jorge Farah nasceu na cidade de S\u00e3o Paulo em 1948. Aos vinte anos ingressa no curso de arquitetura da FAUUSP. Ainda na escola, escreve o romance As Aventuras do Capit\u00e3o Bandeira, o qual mais tarde (1983) desenvolve em forma de HQ com Paulo Caruso. Em 1979 abre o est\u00fadio S\u00e3o Paulo Cria\u00e7\u00e3o, que conduz [&hellip;]<\/p>\n","protected":false},"author":1,"featured_media":0,"parent":0,"menu_order":0,"comment_status":"closed","ping_status":"closed","template":"","meta":{"_acf_changed":false,"_et_pb_use_builder":"on","_et_pb_old_content":"<!-- wp:divi\/placeholder \/-->","_et_gb_content_width":"","inline_featured_image":false,"footnotes":""},"class_list":["post-128","page","type-page","status-publish","hentry"],"acf":[],"_links":{"self":[{"href":"https:\/\/raficfarah.com.br\/index.php\/wp-json\/wp\/v2\/pages\/128","targetHints":{"allow":["GET"]}}],"collection":[{"href":"https:\/\/raficfarah.com.br\/index.php\/wp-json\/wp\/v2\/pages"}],"about":[{"href":"https:\/\/raficfarah.com.br\/index.php\/wp-json\/wp\/v2\/types\/page"}],"author":[{"embeddable":true,"href":"https:\/\/raficfarah.com.br\/index.php\/wp-json\/wp\/v2\/users\/1"}],"replies":[{"embeddable":true,"href":"https:\/\/raficfarah.com.br\/index.php\/wp-json\/wp\/v2\/comments?post=128"}],"version-history":[{"count":11,"href":"https:\/\/raficfarah.com.br\/index.php\/wp-json\/wp\/v2\/pages\/128\/revisions"}],"predecessor-version":[{"id":1282,"href":"https:\/\/raficfarah.com.br\/index.php\/wp-json\/wp\/v2\/pages\/128\/revisions\/1282"}],"wp:attachment":[{"href":"https:\/\/raficfarah.com.br\/index.php\/wp-json\/wp\/v2\/media?parent=128"}],"curies":[{"name":"wp","href":"https:\/\/api.w.org\/{rel}","templated":true}]}}

<p>[et_pb_section fb_built=&#8221;1&#8243; _builder_version=&#8221;4.9.2&#8243; _module_preset=&#8221;default&#8221; custom_padding=&#8221;140px||||false|false&#8221;][et_pb_row column_structure=&#8221;2_5,3_5&#8243; disabled_on=&#8221;on|on|off&#8221; _builder_version=&#8221;4.9.2&#8243; _module_preset=&#8221;default&#8221; width=&#8221;95%&#8221; custom_css_main_element_last_edited=&#8221;on|phone&#8221;][et_pb_column type=&#8221;2_5&#8243; _builder_version=&#8221;4.9.0&#8243; _module_preset=&#8221;default&#8221;][et_pb_text _builder_version=&#8221;4.9.2&#8243; _module_preset=&#8221;default&#8221; text_font=&#8221;Futura Regular|100|||||||&#8221; custom_padding=&#8221;|35px|||false|false&#8221; custom_padding_tablet=&#8221;&#8221; custom_padding_phone=&#8221;|11px|||false|false&#8221; custom_padding_last_edited=&#8221;on|desktop&#8221;]</p>
<p>Rafic Jorge Farah nasceu na cidade de São Paulo em 1948. Aos vinte anos ingressa no curso de arquitetura da FAUUSP. Ainda na escola, escreve o romance As Aventuras do Capitão Bandeira, o qual mais tarde (1983) desenvolve em forma de HQ com Paulo Caruso.</p>
<p>Em 1979 abre o estúdio São Paulo Criação, que conduz até hoje, realizando projetos de comunicação utilizando diversos meios: arte e design gráfico, design editorial, filmes, roteiros, fotografia e textos. Desenvolve também design de mobiliário, design de objetos e arquitetura. Sua primeira obra de arquitetura edificada – a residência unifamiliar da Rua Pombal, em São Paulo (2004) – é destacada na premiação da 6ª Bienal Internacional de Arquitetura de São Paulo (2005).</p>
<p>Rafic, seus colaboradores e assistentes criaram inúmeras marcas que fazem parte da memória visual cotidiana brasileira (restaurantes como Arábia, América, Spot, o Museu da Língua Portuguesa, a Revista Trip, as lojas de moda feminina Fit, Lucy in the Sky, a loja de calçados e moda Sidewalk, a marca de condimentos Júnior, o centro de debates Casa do Saber, a lendária danceteria Radar Tantã, o antigo cinema HSBC Belas Artes – entre muitas.</p>
<p>O estúdio São Paulo Criação é conhecido também por seus projetos gráficos editoriais, dentre eles as revistas Around, Circuit, Trip, Tpm, Mitsubishi, Caros Amigos, os livros e relatórios para marcas como a Natura Cosméticos, a Mitsubishi Motors do Brasil, Ipanema Investimentos, catálogos de moda de marcas como Viva Vida e Mandi, Zoomp – entre tantas. Para o designer de móveis Carlos Motta – ao lado de Paulo Lima – foi concebida a publicação Carlos Motta e a vida (2010) e Carlos Motta (2004). Para o jornal O Estado de São Paulo, Retrato de uma Redação (2002).</p>
<p>Em 2000 publica pela editora Cosac Naify o livro síntese de sua obra à frente do estúdio – Como Vi – O design de Rafic Farah – publicação hoje referência no mercado editorial de livros de arte nacionais.</p>
<p>No Prêmio Design do Museu da Casa Brasileira de São Paulo recebeu em 2013 o primeiro prêmio na categoria mobiliário com o banco Osso concebido com o Otávio Coelho com quem trabalha desde 2010 no desenvolvimento da linha Brasil 66 lançada no Brasil em 2013 pela loja de design brasileiro Dpot e a ser lançada nos Estados Unidos pela loja Espasso (Nova Iorque, Los Angeles e Londres) e na França pela Objekto (Paris). Recebeu também o primeiro prêmio na categoria equipamentos domésticos – projetos com a luminária Finestra (3ª edição do prêmio, 1988).</p>
<p>Nos últimos anos passa a exercer também a atividade de consultor de marcas ao criar estratégias para marcas existentes ou novas se colocarem no mercado.</p>
<p>É um dos fundadores e Diretor de Comunicação da Escola da Cidade, coordenando também a cadeira de Desenho, e cadeira de Debates sobre Cultura Brasileira.</p>
<p>[/et_pb_text][/et_pb_column][et_pb_column type=&#8221;3_5&#8243; _builder_version=&#8221;4.9.0&#8243; _module_preset=&#8221;default&#8221;][et_pb_gallery gallery_ids=&#8221;1133,1134,1135,1136,1137,1138,1139,1140,1141,1142,1143,1144,1145,1146,1147,1148,1149,1150,1151,1152,1153,1154,1155,1156,1157,1158,1159,1161,1160,1162,1163,1164,1165,1166,1167,1168,1169,1170,1171,1172,1173,1174,1175,1176,1177,1178&#8243; fullwidth=&#8221;on&#8221; _builder_version=&#8221;4.9.2&#8243; _module_preset=&#8221;default&#8221; caption_text_align=&#8221;left&#8221; hover_enabled=&#8221;0&#8243; sticky_enabled=&#8221;0&#8243; custom_padding=&#8221;0px|||||&#8221; custom_margin=&#8221;-64px|||||&#8221;][/et_pb_gallery][/et_pb_column][/et_pb_row][et_pb_row disabled_on=&#8221;off|off|on&#8221; _builder_version=&#8221;4.9.2&#8243; _module_preset=&#8221;default&#8221; width=&#8221;95%&#8221; custom_padding=&#8221;0px|||||&#8221;][et_pb_column type=&#8221;4_4&#8243; _builder_version=&#8221;4.9.2&#8243; _module_preset=&#8221;default&#8221;][et_pb_gallery gallery_ids=&#8221;1133,1134,1135,1136,1137,1138,1139,1140,1141,1142,1143,1144,1145,1146,1147,1148,1149,1150,1151,1152,1153,1154,1155,1156,1157,1158,1159,1160,1162,1161,1163,1164,1165,1166,1167,1168,1169,1170,1171,1172,1173,1174,1175,1176,1177,1178&#8243; fullwidth=&#8221;on&#8221; _builder_version=&#8221;4.9.2&#8243; _module_preset=&#8221;default&#8221; caption_text_align=&#8221;left&#8221; hover_enabled=&#8221;0&#8243; custom_padding=&#8221;0px|||||&#8221; custom_margin=&#8221;-30px||0px||false|false&#8221; sticky_enabled=&#8221;0&#8243;][/et_pb_gallery][et_pb_text _builder_version=&#8221;4.9.2&#8243; _module_preset=&#8221;default&#8221; text_font=&#8221;Futura Regular|100|||||||&#8221; custom_padding=&#8221;|35px|||false|false&#8221; custom_padding_tablet=&#8221;&#8221; custom_padding_phone=&#8221;15px|11px|||false|false&#8221; custom_padding_last_edited=&#8221;on|desktop&#8221; hover_enabled=&#8221;0&#8243; sticky_enabled=&#8221;0&#8243;]</p>
<p>Rafic Jorge Farah nasceu na cidade de São Paulo em 1948. Aos vinte anos ingressa no curso de arquitetura da FAUUSP. Ainda na escola, escreve o romance As Aventuras do Capitão Bandeira, o qual mais tarde (1983) desenvolve em forma de HQ com Paulo Caruso.</p>
<p>Em 1979 abre o estúdio São Paulo Criação, que conduz até hoje, realizando projetos de comunicação utilizando diversos meios: arte e design gráfico, design editorial, filmes, roteiros, fotografia e textos. Desenvolve também design de mobiliário, design de objetos e arquitetura. Sua primeira obra de arquitetura edificada – a residência unifamiliar da Rua Pombal, em São Paulo (2004) – é destacada na premiação da 6ª Bienal Internacional de Arquitetura de São Paulo (2005).</p>
<p>Rafic, seus colaboradores e assistentes criaram inúmeras marcas que fazem parte da memória visual cotidiana brasileira (restaurantes como Arábia, América, Spot, o Museu da Língua Portuguesa, a Revista Trip, as lojas de moda feminina Fit, Lucy in the Sky, a loja de calçados e moda Sidewalk, a marca de condimentos Júnior, o centro de debates Casa do Saber, a lendária danceteria Radar Tantã, o antigo cinema HSBC Belas Artes – entre muitas.</p>
<p>O estúdio São Paulo Criação é conhecido também por seus projetos gráficos editoriais, dentre eles as revistas Around, Circuit, Trip, Tpm, Mitsubishi, Caros Amigos, os livros e relatórios para marcas como a Natura Cosméticos, a Mitsubishi Motors do Brasil, Ipanema Investimentos, catálogos de moda de marcas como Viva Vida e Mandi, Zoomp – entre tantas. Para o designer de móveis Carlos Motta – ao lado de Paulo Lima – foi concebida a publicação Carlos Motta e a vida (2010) e Carlos Motta (2004). Para o jornal O Estado de São Paulo, Retrato de uma Redação (2002).</p>
<p>Em 2000 publica pela editora Cosac Naify o livro síntese de sua obra à frente do estúdio – Como Vi – O design de Rafic Farah – publicação hoje referência no mercado editorial de livros de arte nacionais.</p>
<p>No Prêmio Design do Museu da Casa Brasileira de São Paulo recebeu em 2013 o primeiro prêmio na categoria mobiliário com o banco Osso concebido com o Otávio Coelho com quem trabalha desde 2010 no desenvolvimento da linha Brasil 66 lançada no Brasil em 2013 pela loja de design brasileiro Dpot e a ser lançada nos Estados Unidos pela loja Espasso (Nova Iorque, Los Angeles e Londres) e na França pela Objekto (Paris). Recebeu também o primeiro prêmio na categoria equipamentos domésticos – projetos com a luminária Finestra (3ª edição do prêmio, 1988).</p>
<p>Nos últimos anos passa a exercer também a atividade de consultor de marcas ao criar estratégias para marcas existentes ou novas se colocarem no mercado.</p>
<p>É um dos fundadores e Diretor de Comunicação da Escola da Cidade, coordenando também a cadeira de Desenho, e cadeira de Debates sobre Cultura Brasileira.</p>
<p>[/et_pb_text][/et_pb_column][/et_pb_row][/et_pb_section]</p>

<p>Rafic Jorge Farah nasceu na cidade de São Paulo em 1948. Aos vinte anos ingressa no curso de arquitetura da FAUUSP. Ainda na escola, escreve o romance As Aventuras do Capitão Bandeira, o qual mais tarde (1983) desenvolve em forma de HQ com Paulo Caruso. Em 1979 abre o estúdio São Paulo Criação, que conduz [&hellip;]</p>
